ed millions digit of 509850432?
5
What is the hundred millions digit of 742205122?
7
What is the hundreds digit of 42616552?
5
What is the ten millions digit of 676342663?
7
What is the tens digit of 86419914?
1
What is the hundred millions digit of 678110095?
6
What is the millions digit of 356279570?
6
What is the millions digit of 680845778?
0
What is the units digit of 100603822?
2
What is the tens digit of 981802019?
1
What is the thousands digit of 23329567?
9
What is the hundreds digit of 366695111?
1
What is the ten thousands digit of 331654531?
5
What is the thousands digit of 127661633?
1
What is the units digit of 615280203?
3
What is the ten millions digit of 46552104?
4
What is the units digit of 49412291?
1
What is the ten thousands digit of 55435061?
3
What is the millions digit of 701280623?
1
What is the millions digit of 263644979?
3
What is the hundreds digit of 497867808?
8
What is the units digit of 563475900?
0
What is the hundreds digit of 1528613274?
2
What is the hundreds digit of 82712148?
1
What is the hundreds digit of 11115565?
5
What is the hundred thousands digit of 71926563?
9
What is the tens digit of 282595250?
5
What is the hundred thousands digit of 252838764?
8
What is the ten thousands digit of 126145071?
4
What is the billions digit of 1197682543?
1
What is the hundred millions digit of 510897624?
5
What is the hundred thousands digit of 694156168?
1
What is the millions digit of 529699433?
9
What is the hundred millions digit of 533135039?
5
What is the ten thousands digit of 120965843?
6
What is the hundreds digit of 1164198925?
9
What is the units digit of 147834050?
0
What is the tens digit of 713189355?
5
What is the hundred thousands digit of 3961305703?
3
What is the ten thousands digit of 2213704635?
0
What is the ten thousands digit of 361253216?
5
What is the units digit of 661898868?
8
What is the tens digit of 311445159?
5
What is the billions digit of 1727638743?
1
What is the tens digit of 187510576?
7
What is the tens digit of 951648622?
2
What is the thousands digit of 2006382383?
2
What is the ten millions digit of 133102672?
3
What is the ten millions digit of 352850127?
5
What is the tens digit of 279169897?
9
What is the tens digit of 249865668?
6
What is the millions digit of 154184606?
4
What is the ten thousands digit of 26922684?
2
What is the ten millions digit of 90864295?
9
What is the tens digit of 991804506?
0
What is the hundred thousands digit of 1381565082?
5
What is the hundred millions digit of 228953849?
2
What is the tens digit of 330805470?
7
What is the ten thousands digit of 2277707157?
0
What is the units digit of 341434023?
3
What is the hundreds digit of 2413306766?
7
What is the hundreds digit of 160929325?
3
What is the hundreds digit of 57237152?
1
What is the thousands digit of 52596750?
6
What is the units digit of 1824993976?
6
What is the millions digit of 255763912?
5
What is the hundred thousands digit of 304853447?
8
What is the ten millions digit of 858574987?
5
What is the ten millions digit of 83828422?
8
What is the hundred millions digit of 461728632?
4
What is the hundred millions digit of 309185417?
3
What is the tens digit of 182447735?
3
What is the ten thousands digit of 390399467?
9
What is the units digit of 19860809?
9
What is the thousands digit of 10123576?
3
What is the hundred thousands digit of 2035121041?
1
What is the ten thousands digit of 85317894?
1
What is the hundred millions digit of 122099657?
1
What is the millions digit of 130171613?
0
What is the hundred thousands digit of 46304381?
3
What is the units digit of 2554294520?
0
What is the units digit of 402387975?
5
What is the units digit of 602188985?
5
What is the ten thousands digit of 479734156?
3
What is the hundreds digit of 28416065?
0
What is the tens digit of 2757830650?
5
What is the hundred millions digit of 1037949831?
0
What is the hundreds digit of 22538777?
7
What is the ten millions digit of 856080135?
5
What is the hundreds digit of 1924690?
6
What is the ten millions digit of 795012858?
9
What is the units digit of 507379668?
8
What is the ten thousands digit of 35604341?
0
What is the hundred thousands digit of 326122816?
1
What is the units digit of 19273963?
3
What is the units digit of 36337116?
6
What is the ten thousands digit of 141846340?
4
What is the units digit of 220026626?
6
What is the hundreds digit of 54737065?
0
What is the hundred millions digit of 490771932?
4
What is the ten millions digit of 62790212?
6
What is the ten thousands digit of 468474137?
7
What is the hundred thousands digit of 561228581?
2
What is the hundred millions digit of 519399919?
5
What is the ten thousands digit of 1782089622?
8
What is the hundreds digit of 2455934419?
4
What is the thousands digit of 4093641?
3
What is the hundred thousands digit of 1203252534?
2
What is the ten thousands digit of 453597052?
9
What is the hundreds digit of 1173739671?
6
What is the tens digit of 47068164?
6
What is the hundred millions digit of 488178388?
4
What is the billions digit of 2659216295?
2
What is the hundred millions digit of 1739692984?
7
What is the ten thousands digit of 3550729130?
2
What is the hundred thousands digit of 49804187?
8
What is the ten thousands digit of 439657004?
5
What is the ten millions digit of 167071433?
6
What is the hundred millions digit of 1985792879?
9
What is the millions digit of 5576212699?
6
What is the hundreds digit of 47908771?
7
What is the millions digit of 12127384?
2
What is the ten millions digit of 1166163986?
6
What is the units digit of 81182452?
2
What is the hundreds digit of 66838256?
2
What is the thousands digit of 56877807?
7
What is the hundred thousands digit of 205747379?
7
What is the ten thousands digit of 65293589?
9
What is the tens digit of 932452153?
5
What is the millions digit of 9250678?
9
What is the ten millions digit of 612255374?
1
What is the hundreds digit of 1277623853?
8
What is the tens digit of 193488059?
5
What is the ten thousands digit of 2258066913?
6
What is the billions digit of 1037210062?
1
What is the millions digit of 53318749?
3
What is the tens digit of 87874450?
5
What is the thousands digit of 320160885?
0
What is the hundreds digit of 261975660?
6
What is the thousands digit of 19955179?
5
What is the ten millions digit of 281981390?
8
What is the ten millions digit of 42296847?
4
What is the billions digit of 7560306004?
7
What is the tens digit of 3009462162?
6
What is the ten thousands digit of 20146580?
4
What is the billions digit of 1566196006?
1
What is the hundred millions digit of 8449344013?
4
What is the units digit of 15559059?
9
What is the hundreds digit of 9329846013?
0
What is the units digit of 226269976?
6
What is the hundreds digit of 108722759?
7
What is the hundreds digit of 764619522?
5
What is the ten millions digit of 247533938?
4
What is the thousands digit of 50748392?
8
What is the millions digit of 2621541640?
1
What is the millions digit of 18506861?
8
What is the tens digit of 1255856944?
4
What is the tens digit of 119576984?
8
What is the ten millions digit of 148378457?
4
What is the thousands digit of 63835922?
5
What is the ten millions digit of 1026257088?
2
What is the hundred thousands digit of 30395775?
3
What is the thousands digit of 80498423?
8
What is the thousands digit of 1968757527?
7
What is the hundreds digit of 1506428308?
3
What is the ten thousands digit of 51708444?
0
What is the tens digit of 15077376?
7
What is the thousands digit of 856213355?
3
What is the billions digit of 1535876068?
1
What is the hundreds digit of 21265039?
0
What is the ten millions digit of 2024274823?
2
What is the tens digit of 169457348?
4
What is the units digit of 399932572?
2
What is the hundred thousands digit of 122239567?
2
What is the thousands digit of 538696391?
6
What is the units digit of 94239984?
4
What is the tens digit of 6609675?
7
What is the hundred thousands digit of 750864267?
8
What is the hundred millions digit of 271028995?
2
What is the billions digit of 1517968413?
1
What is the billions digit of 1486285050?
1
What is the units digit of 1241831737?
7
What is the units digit of 1046845410?
0
What is the hundred thousands digi